{"id":29,"date":"2014-12-02T11:34:15","date_gmt":"2014-12-02T10:34:15","guid":{"rendered":"http:\/\/traductec.fr\/?page_id=29"},"modified":"2018-07-29T19:30:15","modified_gmt":"2018-07-29T18:30:15","slug":"localisation-de-logiciels","status":"publish","type":"page","link":"http:\/\/www.tradusand.fr\/?page_id=29&lang=fr","title":{"rendered":"Localisation"},"content":{"rendered":"<p><strong>Localisation de logiciels<\/strong><br \/>\nNous avons une solide exp\u00e9rience dans la traduction d\u2019applications Web et mobiles.<\/p>\n<p><strong>Localisation des sites Web<\/strong><br \/>\nCar une simple traduction de site Web ne suffit pas\u2026 la localisation de sites Internet est un moyen efficace pour assurer une visibilit\u00e9 et une pr\u00e9sence \u00e0 l&rsquo;\u00e9chelle internationale.<\/p>\n","protected":false},"excerpt":{"rendered":"<div class=\"slide-text-bg2\"><span>Localisation de logiciels Nous avons une solide exp\u00e9rience dans la traduction d\u2019applications Web et mobiles. Localisation des sites Web Car une simple t<\/span><\/div>\n<div class=\"slide-btn-area-sm\"><a href=\"http:\/\/www.tradusand.fr\/?page_id=29&#038;lang=fr\" class=\"slide-btn-sm\">Lire la suite<\/a><\/div>\n","protected":false},"author":1,"featured_media":0,"parent":2,"menu_order":0,"comment_status":"closed","ping_status":"closed","template":"","meta":{"footnotes":""},"class_list":["post-29","page","type-page","status-publish","hentry"],"yoast_head":"<!-- This site is optimized with the Yoast SEO plugin v26.6 - https:\/\/yoast.com\/wordpress\/plugins\/seo\/ -->\n<title>Localisation - TRADUSAND<\/title>\n<meta name=\"robots\" content=\"index, follow, max-snippet:-1, max-image-preview:large, max-video-preview:-1\" \/>\n<link rel=\"canonical\" href=\"http:\/\/www.tradusand.fr\/?page_id=29&lang=fr\" \/>\n<meta property=\"og:locale\" content=\"fr_FR\" \/>\n<meta property=\"og:type\" content=\"article\" \/>\n<meta property=\"og:title\" content=\"Localisation - TRADUSAND\" \/>\n<meta property=\"og:description\" content=\"Localisation de logiciels Nous avons une solide exp\u00e9rience dans la traduction d\u2019applications Web et mobiles. Localisation des sites Web Car une simple tLire la suite\" \/>\n<meta property=\"og:url\" content=\"http:\/\/www.tradusand.fr\/?page_id=29&amp;lang=fr\" \/>\n<meta property=\"og:site_name\" content=\"TRADUSAND\" \/>\n<meta property=\"article:modified_time\" content=\"2018-07-29T18:30:15+00:00\" \/>\n<meta name=\"twitter:card\" content=\"summary_large_image\" \/>\n<script type=\"application\/ld+json\" class=\"yoast-schema-graph\">{\"@context\":\"https:\/\/schema.org\",\"@graph\":[{\"@type\":\"WebPage\",\"@id\":\"http:\/\/www.tradusand.fr\/?page_id=29&lang=fr\",\"url\":\"http:\/\/www.tradusand.fr\/?page_id=29&lang=fr\",\"name\":\"Localisation - TRADUSAND\",\"isPartOf\":{\"@id\":\"http:\/\/www.tradusand.fr\/#website\"},\"datePublished\":\"2014-12-02T10:34:15+00:00\",\"dateModified\":\"2018-07-29T18:30:15+00:00\",\"breadcrumb\":{\"@id\":\"http:\/\/www.tradusand.fr\/?page_id=29&lang=fr#breadcrumb\"},\"inLanguage\":\"fr-FR\",\"potentialAction\":[{\"@type\":\"ReadAction\",\"target\":[\"http:\/\/www.tradusand.fr\/?page_id=29&lang=fr\"]}]},{\"@type\":\"BreadcrumbList\",\"@id\":\"http:\/\/www.tradusand.fr\/?page_id=29&lang=fr#breadcrumb\",\"itemListElement\":[{\"@type\":\"ListItem\",\"position\":1,\"name\":\"Accueil\",\"item\":\"http:\/\/www.tradusand.fr\/?lang=fr\"},{\"@type\":\"ListItem\",\"position\":2,\"name\":\"Services\",\"item\":\"http:\/\/www.tradusand.fr\/?page_id=2&lang=fr\"},{\"@type\":\"ListItem\",\"position\":3,\"name\":\"Localisation\"}]},{\"@type\":\"WebSite\",\"@id\":\"http:\/\/www.tradusand.fr\/#website\",\"url\":\"http:\/\/www.tradusand.fr\/\",\"name\":\"TRADUSAND\",\"description\":\"Services linguistiques\",\"publisher\":{\"@id\":\"http:\/\/www.tradusand.fr\/#organization\"},\"potentialAction\":[{\"@type\":\"SearchAction\",\"target\":{\"@type\":\"EntryPoint\",\"urlTemplate\":\"http:\/\/www.tradusand.fr\/?s={search_term_string}\"},\"query-input\":{\"@type\":\"PropertyValueSpecification\",\"valueRequired\":true,\"valueName\":\"search_term_string\"}}],\"inLanguage\":\"fr-FR\"},{\"@type\":\"Organization\",\"@id\":\"http:\/\/www.tradusand.fr\/#organization\",\"name\":\"Tradusand\",\"url\":\"http:\/\/www.tradusand.fr\/\",\"logo\":{\"@type\":\"ImageObject\",\"inLanguage\":\"fr-FR\",\"@id\":\"http:\/\/www.tradusand.fr\/#\/schema\/logo\/image\/\",\"url\":\"http:\/\/www.tradusand.fr\/wp-content\/uploads\/2018\/03\/LogoSiteWeb.png\",\"contentUrl\":\"http:\/\/www.tradusand.fr\/wp-content\/uploads\/2018\/03\/LogoSiteWeb.png\",\"width\":180,\"height\":64,\"caption\":\"Tradusand\"},\"image\":{\"@id\":\"http:\/\/www.tradusand.fr\/#\/schema\/logo\/image\/\"}}]}<\/script>\n<!-- \/ Yoast SEO plugin. -->","yoast_head_json":{"title":"Localisation - TRADUSAND","robots":{"index":"index","follow":"follow","max-snippet":"max-snippet:-1","max-image-preview":"max-image-preview:large","max-video-preview":"max-video-preview:-1"},"canonical":"http:\/\/www.tradusand.fr\/?page_id=29&lang=fr","og_locale":"fr_FR","og_type":"article","og_title":"Localisation - TRADUSAND","og_description":"Localisation de logiciels Nous avons une solide exp\u00e9rience dans la traduction d\u2019applications Web et mobiles. Localisation des sites Web Car une simple tLire la suite","og_url":"http:\/\/www.tradusand.fr\/?page_id=29&lang=fr","og_site_name":"TRADUSAND","article_modified_time":"2018-07-29T18:30:15+00:00","twitter_card":"summary_large_image","schema":{"@context":"https:\/\/schema.org","@graph":[{"@type":"WebPage","@id":"http:\/\/www.tradusand.fr\/?page_id=29&lang=fr","url":"http:\/\/www.tradusand.fr\/?page_id=29&lang=fr","name":"Localisation - TRADUSAND","isPartOf":{"@id":"http:\/\/www.tradusand.fr\/#website"},"datePublished":"2014-12-02T10:34:15+00:00","dateModified":"2018-07-29T18:30:15+00:00","breadcrumb":{"@id":"http:\/\/www.tradusand.fr\/?page_id=29&lang=fr#breadcrumb"},"inLanguage":"fr-FR","potentialAction":[{"@type":"ReadAction","target":["http:\/\/www.tradusand.fr\/?page_id=29&lang=fr"]}]},{"@type":"BreadcrumbList","@id":"http:\/\/www.tradusand.fr\/?page_id=29&lang=fr#breadcrumb","itemListElement":[{"@type":"ListItem","position":1,"name":"Accueil","item":"http:\/\/www.tradusand.fr\/?lang=fr"},{"@type":"ListItem","position":2,"name":"Services","item":"http:\/\/www.tradusand.fr\/?page_id=2&lang=fr"},{"@type":"ListItem","position":3,"name":"Localisation"}]},{"@type":"WebSite","@id":"http:\/\/www.tradusand.fr\/#website","url":"http:\/\/www.tradusand.fr\/","name":"TRADUSAND","description":"Services linguistiques","publisher":{"@id":"http:\/\/www.tradusand.fr\/#organization"},"potentialAction":[{"@type":"SearchAction","target":{"@type":"EntryPoint","urlTemplate":"http:\/\/www.tradusand.fr\/?s={search_term_string}"},"query-input":{"@type":"PropertyValueSpecification","valueRequired":true,"valueName":"search_term_string"}}],"inLanguage":"fr-FR"},{"@type":"Organization","@id":"http:\/\/www.tradusand.fr\/#organization","name":"Tradusand","url":"http:\/\/www.tradusand.fr\/","logo":{"@type":"ImageObject","inLanguage":"fr-FR","@id":"http:\/\/www.tradusand.fr\/#\/schema\/logo\/image\/","url":"http:\/\/www.tradusand.fr\/wp-content\/uploads\/2018\/03\/LogoSiteWeb.png","contentUrl":"http:\/\/www.tradusand.fr\/wp-content\/uploads\/2018\/03\/LogoSiteWeb.png","width":180,"height":64,"caption":"Tradusand"},"image":{"@id":"http:\/\/www.tradusand.fr\/#\/schema\/logo\/image\/"}}]}},"_links":{"self":[{"href":"http:\/\/www.tradusand.fr\/index.php?rest_route=\/wp\/v2\/pages\/29","targetHints":{"allow":["GET"]}}],"collection":[{"href":"http:\/\/www.tradusand.fr\/index.php?rest_route=\/wp\/v2\/pages"}],"about":[{"href":"http:\/\/www.tradusand.fr\/index.php?rest_route=\/wp\/v2\/types\/page"}],"author":[{"embeddable":true,"href":"http:\/\/www.tradusand.fr\/index.php?rest_route=\/wp\/v2\/users\/1"}],"replies":[{"embeddable":true,"href":"http:\/\/www.tradusand.fr\/index.php?rest_route=%2Fwp%2Fv2%2Fcomments&post=29"}],"version-history":[{"count":11,"href":"http:\/\/www.tradusand.fr\/index.php?rest_route=\/wp\/v2\/pages\/29\/revisions"}],"predecessor-version":[{"id":319,"href":"http:\/\/www.tradusand.fr\/index.php?rest_route=\/wp\/v2\/pages\/29\/revisions\/319"}],"up":[{"embeddable":true,"href":"http:\/\/www.tradusand.fr\/index.php?rest_route=\/wp\/v2\/pages\/2"}],"wp:attachment":[{"href":"http:\/\/www.tradusand.fr\/index.php?rest_route=%2Fwp%2Fv2%2Fmedia&parent=29"}],"curies":[{"name":"wp","href":"https:\/\/api.w.org\/{rel}","templated":true}]}}